{"id":12,"date":"2020-12-23T12:14:25","date_gmt":"2020-12-23T12:14:25","guid":{"rendered":"http:\/\/timpe24.de\/?page_id=11"},"modified":"2022-11-28T10:46:23","modified_gmt":"2022-11-28T10:46:23","slug":"wilkommen-bei-timpe24-de","status":"publish","type":"page","link":"https:\/\/timpe24.de\/","title":{"rendered":"TIMPE &#8211; das Fachgesch\u00e4ft mit g\u00fcnstigen Preisen"},"content":{"rendered":"\t\t<div data-elementor-type=\"wp-page\" data-elementor-id=\"12\" class=\"elementor elementor-12\" data-elementor-settings=\"[]\">\n\t\t\t\t\t\t\t<div class=\"elementor-section-wrap\">\n\t\t\t\t\t\t\t<section class=\"elementor-section elementor-top-section elementor-element elementor-element-8d878b elementor-section-boxed elementor-section-height-default elementor-section-height-default\" data-id=\"8d878b\" data-element_type=\"section\">\n\t\t\t\t\t\t<div class=\"elementor-container elementor-column-gap-default\">\n\t\t\t\t\t<div class=\"elementor-column elementor-col-100 elementor-top-column elementor-element elementor-element-c6d76fa\" data-id=\"c6d76fa\" data-element_type=\"column\">\n\t\t\t<div class=\"elementor-widget-wrap elementor-element-populated\">\n\t\t\t\t\t\t\t\t<div class=\"elementor-element elementor-element-7f184ad1 elementor-widget elementor-widget-text-editor\" data-id=\"7f184ad1\" data-element_type=\"widget\" data-widget_type=\"text-editor.default\">\n\t\t\t\t<div class=\"elementor-widget-container\">\n\t\t\t\t\t<div class=\"elementor-text-editor elementor-clearfix\"><!-- wp:image {\"id\":720,\"width\":142,\"height\":142,\"sizeSlug\":\"large\",\"linkDestination\":\"none\"} -->\n<figure class=\"wp-block-image size-large is-resized\"><\/figure>\n<!-- \/wp:image --><!-- wp:paragraph -->\n<p><img loading=\"lazy\" class=\"alignnone size-medium wp-image-735\" src=\"https:\/\/timpe24.de\/wp-content\/uploads\/2022\/11\/Tornisterparty-20221203-300x169.jpg\" alt=\"\" width=\"300\" height=\"169\" srcset=\"https:\/\/timpe24.de\/wp-content\/uploads\/2022\/11\/Tornisterparty-20221203-300x169.jpg 300w, https:\/\/timpe24.de\/wp-content\/uploads\/2022\/11\/Tornisterparty-20221203-1024x576.jpg 1024w, https:\/\/timpe24.de\/wp-content\/uploads\/2022\/11\/Tornisterparty-20221203-768x432.jpg 768w, https:\/\/timpe24.de\/wp-content\/uploads\/2022\/11\/Tornisterparty-20221203.jpg 1280w\" sizes=\"(max-width: 300px) 100vw, 300px\" \/><br \/>Timpe (Trend &amp; Co.UG) ist das Inhaber gef\u00fchrte Gesch\u00e4ft f\u00fcr Schulartikel, Schreibwaren, Spiele, K\u00fcnstler- und Bastelbedarf seit \u00fcber 90 Jahren in Bottrop, aktuell im Stammhaus an der Sterkrader Stra\u00dfe 52. <strong>&#8211;&gt; Video aus Fr\u00fchjahr 2022<\/strong>.<\/p>\n<!-- \/wp:paragraph --><!-- wp:video {\"id\":676} -->\n<figure class=\"wp-block-video\"><video src=\"https:\/\/timpe24.de\/wp-content\/uploads\/2022\/03\/Timpe_Sortimenterweiterung_quer_final_220302.mp4\" controls=\"controls\" width=\"300\" height=\"150\"><\/video>\n<figcaption>Schau an, schau an &#8230; Bernd Timpe im Fr\u00fchjahr 2022<\/figcaption>\n<\/figure>\n<!-- \/wp:video --><!-- wp:cpapphourbk\/form-rendering {\"formId\":\"1\",\"instanceId\":\"128117\"} \/--><!-- wp:paragraph -->\n<p><!-- \/wp:paragraph --><\/p><\/div>\n\t\t\t\t<\/div>\n\t\t\t\t<\/div>\n\t\t\t\t\t<\/div>\n\t\t<\/div>\n\t\t\t\t\t\t\t<\/div>\n\t\t<\/section>\n\t\t\t\t\t\t<\/div>\n\t\t\t\t\t<\/div>\n\t\t","protected":false},"excerpt":{"rendered":"<p>Timpe (Trend &amp; Co.UG) ist das Inhaber gef\u00fchrte Gesch\u00e4ft f\u00fcr Schulartikel, Schreibwaren, Spiele, K\u00fcnstler- und Bastelbedarf seit \u00fcber 90 Jahren in Bottrop, aktuell im Stammhaus an der Sterkrader Stra\u00dfe 52. &#8211;&gt; Video aus Fr\u00fchjahr 2022.<\/p>\n","protected":false},"author":1,"featured_media":0,"parent":0,"menu_order":0,"comment_status":"closed","ping_status":"closed","template":"","meta":[],"amp_enabled":true,"_links":{"self":[{"href":"https:\/\/timpe24.de\/index.php?rest_route=\/wp\/v2\/pages\/12"}],"collection":[{"href":"https:\/\/timpe24.de\/index.php?rest_route=\/wp\/v2\/pages"}],"about":[{"href":"https:\/\/timpe24.de\/index.php?rest_route=\/wp\/v2\/types\/page"}],"author":[{"embeddable":true,"href":"https:\/\/timpe24.de\/index.php?rest_route=\/wp\/v2\/users\/1"}],"replies":[{"embeddable":true,"href":"https:\/\/timpe24.de\/index.php?rest_route=%2Fwp%2Fv2%2Fcomments&post=12"}],"version-history":[{"count":68,"href":"https:\/\/timpe24.de\/index.php?rest_route=\/wp\/v2\/pages\/12\/revisions"}],"predecessor-version":[{"id":742,"href":"https:\/\/timpe24.de\/index.php?rest_route=\/wp\/v2\/pages\/12\/revisions\/742"}],"wp:attachment":[{"href":"https:\/\/timpe24.de\/index.php?rest_route=%2Fwp%2Fv2%2Fmedia&parent=12"}],"curies":[{"name":"wp","href":"https:\/\/api.w.org\/{rel}","templated":true}]}}